- -4*11.
43
Suppose 0 = 5*d - k - 68, d - 16 = -0*d - k. Let m = 17 - d. Let v = 30 - m. What are the prime factors of v?
3
Let r(n) = 52*n + 48. What are the prime factors of r(23)?
2, 311
Let k(l) = -l + 1. Let b be k(9). Let o be 4 - 6*b/(-12). Suppose -3*z + 8*z - 140 = o. What are the prime factors of z?
2, 7
Let s be (0 - 0)/(-3 - -4). Suppose 2*o + 2*d - 26 = -s*o, -d = 0. What are the prime factors of o?
13
Let q(o) = o + 1. Let g be q(-4). Let i(m) = -40*m - 461. Let f be i(-13). What are the prime factors of (9/g - -2) + f?
2, 29
Suppose 2*a - 5*r - 35 = 0, 3*a - 2*r - 47 = -0*a. Suppose b + 4*b - 20 = 0. Suppose -b*n + a = n. List the prime factors of n.
3
Let r be ((-30)/20)/((-3)/(-8)). Let x be (-66)/(-9) + r/(-6). What are the prime factors of (-57)/(-2) + (-4)/x?
2, 7
Let i(y) = y - 6*y**2 - y**3 + 4 - 2*y**2 - 14. What are the prime factors of i(-9)?
2, 31
Let c = 9 - 7. Suppose -4*o = -i + 3 + 35, 0 = 2*o + c*i + 24. Let p = 64 + o. What are the prime factors of p?
2, 3
Suppose -22*f + 18837 = -9*f. What are the prime factors of f?
3, 7, 23
Let u = 34 + -47. Let d = u + 51. What are the prime factors of d?
2, 19
List the prime factors of ((-10)/(-20))/((-2)/(-4076)).
1019
Let l be 280/(-21) - 1/(-3). Let j = l + 18. Suppose -150 = -j*y - 4*m, -y = 2*m - 4*m - 44. What are the prime factors of y?
2, 17
Let z(r) = 9*r**2 + 13*r - 10. Let j be z(-8). Let n = j - 186. What are the prime factors of n?
2, 3, 23
Suppose -2*l - 44 = -48. Suppose -l*m - 2*m = -752. What are the prime factors of m?
2, 47
Let i(w) = 45*w**3 - w**2 + 2*w - 1. Let u = -1 - -2. Let r be i(u). List the prime factors of 1/2*(r - 1).
2, 11
Let g = -172 - -180. What are the prime factors of g?
2
Suppose -105 = -7*j - 7. Suppose j*k = -121 + 457. What are the prime factors of k?
2, 3
Suppose 0 = -5*m - 5*a - 80, -2*m - m = 4*a + 44. Let j = m + 22. List the prime factors of (j/(-6))/(6/(-162)).
3
Let r(v) = -v**2 + 12*v - 4. Let k be r(11). Let u be (10 - k) + 1 + -1. Suppose 3*j + 0*d = -3*d - u, -4*j + d = -11. List the prime factors of j.
2
Let q(o) = o**3 - 8*o**2 + 2*o + 99. What are the prime factors of q(12)?
3, 233
Let o(q) = 3*q - 6. Let y be o(7). Suppose 4*m = m + y. Suppose m*s - 100 = s. List the prime factors of s.
5
Let k be -2 + (-281 - -1)/(-2). Suppose -2*p + k = -p + 3*r, 0 = -5*p + 4*r + 614. Suppose 246 = 4*v + 5*j, 2*v = -0*v - j + p. What are the prime factors of v?
2
Suppose -15 = 5*t + 45. Let z be 3 - t/(-4) - -3. Suppose 2*m - m + 4*q = 66, -z*m = 2*q - 158. What are the prime factors of m?
2, 5
Let t(g) = -g**3 - 3 - 9*g**2 + 9*g**2 + 4*g**2 + 5*g + 0*g**3. Let m be t(4). Let d = m - 14. What are the prime factors of d?
3
Let n(h) = -6*h - 9. Let a be n(-7). Suppose q = -2*q + a. Suppose 3*z + q = 83. What are the prime factors of z?
2, 3
What are the prime factors of 42/(-231) - (-27986)/11?
2, 3, 53
Let k(z) = 19*z**3 + z**2 + 7*z - 17. What are the prime factors of k(5)?
2, 3, 13, 31
Suppose 0 = -4*j - 5*c + 2140 + 1140, 0 = -3*j - 5*c + 2455. List the prime factors of j.
3, 5, 11
Let c(g) = -7*g - 68. Let s be c(-11). Suppose -s*v - 2502 = -18*v. What are the prime factors of v?
2, 139
Suppose -5*j + 21 + 60 = -c, 2*j - 30 = -2*c. Let s = j - -71. What are the prime factors of s?
3, 29
Suppose -u - 2*w + 2956 = 0, 0 = 2*u - 0*w - 5*w - 5867. What are the prime factors of u?
2, 3, 491
Let l(d) = 3*d - 110. Let f be l(0). Let a = 70 + f. Let g = 73 + a. What are the prime factors of g?
3, 11
Suppose 0 = -4*f - f. Suppose 0 = m - f*m. Suppose 2 = 2*c - 5*n, m*c - 5*c + 5*n = -35. List the prime factors of c.
11
List the prime factors of (0 + -3)/((78/(-2718))/13).
3, 151
Let s = -97 + 100. Suppose -24 = -a + s*n - 4*n, 0 = -5*a - 3*n + 110. List the prime factors of a.
19
Suppose 2*g = -4*y + 354, 0 = y - 0*g + 5*g - 111. List the prime factors of 4 - (-1 + 3 - y).
2, 11
Let n(r) = -r**2 - r + 20. Suppose w - 2 = 5*h, -w - 9 = 4*h - 2. Let c be (-21)/(-14) - w/(-2). What are the prime factors of n(c)?
2, 5
Suppose -20 = 5*z, h = 2*h - 5*z - 24. Suppose -h*x + 2*b + 2*b = 4, -b + 1 = 5*x. Suppose 6*r - 3*r - 117 = x. List the prime factors of r.
3, 13
Let k(a) = -72*a - 61. List the prime factors of k(-6).
7, 53
Let t(j) = -6*j + 5. Suppose 3*q + 0*n = -n - 32, 3*n = -2*q - 33. List the prime factors of t(q).
59
Let h(o) = 11*o + 9 + 9*o - 17*o. Let n be h(-5). What are the prime factors of ((-2)/n)/((-5)/(-660))?
2, 11
Let o(y) = 71*y**3 + 7*y - 9. List the prime factors of o(2).
3, 191
What are the prime factors of (-1)/4 + 75033/84?
19, 47
Let m(a) = -a**2 + 2*a + 2. Suppose 4*j = -5*h + 27, 6*h - 3*h = -5*j + 24. Let l be m(j). List the prime factors of l - (-4 - (1 - -2)).
2, 3
Let j(w) = 62*w**2 + 4*w - 3. Let g be j(-4). Suppose -18*m + g = -2069. List the prime factors of m.
13
Let l(i) = i + 0*i + i**2 + 1 + 0*i**2. Let o(v) = 2*v**2 + 12*v + 23. Let b be o(-3). What are the prime factors of l(b)?
31
Let u(i) = -56*i**2 + i. Let f be u(2). Let z = f + 398. List the prime factors of z.
2, 11
Suppose 0 = 4*g + 3*n - 12412, -28*n + 27*n - 9296 = -3*g. List the prime factors of g.
2, 5, 31
Suppose 4*y + 0*m = -m - 380, 266 = -3*y + 4*m. Let x = y + 66. Let o = x - -52. What are the prime factors of o?
2, 3
Suppose -2*p + 1952 + 1272 = 0. What are the prime factors of p?
2, 13, 31
Suppose -14 = -8*u + 6*u. Let m(k) = k**2 + 4. Let f be m(0). List the prime factors of (-1 - -28) + (f - u).
2, 3
Let v(d) = -26*d**2 + d**3 + 0*d**3 - 10*d + 8 + 32*d**2. What are the prime factors of v(-6)?
2, 17
Let i = -1049 + 1884. List the prime factors of i.
5, 167
Suppose -5*c + 15 = 2*v, c - 5*v = 4*c + 10. Let g = -52 + 52. Let t = c + g. List the prime factors of t.
5
Suppose 4*x - 21 = 3*b, 3*b = -5*x - 2*b. Suppose 4*p + 2*g = 144, -x*p + 77 = -2*g - 17. Let y = p - -26. List the prime factors of y.
2, 3, 5
Let d(x) = -2*x - 1. Let o be d(2). Let c = 12 + o. What are the prime factors of c?
7
Let d = -37 - -35. What are the prime factors of d/(-2)*(7 + 4)?
11
Let k be (-1)/2*(-17 - -17). Let z(m) = 7*m - 23. Let h(p) = p + 1. Let d(l) = 6*h(l) - z(l). List the prime factors of d(k).
29
Suppose 2*o = b - 31, -o - 2*b - 3 = -0*o. Let n = 29 + o. List the prime factors of n.
2
Suppose 0 = 2*v - 9 - 9. Let w = v - -20. Let q = -20 + w. What are the prime factors of q?
3
Let c(a) = a**2 + 7*a - 15. Let h be c(-9). Suppose m - 7*g - 71 = -2*g, 2*m = -h*g + 142. What are the prime factors of m?
71
Let z(d) = 38*d - 1. Let w be z(-1). Let l be 110 + (5 - (11 + (3 - 7))). Let g = l + w. What are the prime factors of g?
3, 23
Let q(i) = -12*i**2 + 8 + 3*i**3 + 1 - 4 - 2*i**3 + 6*i. Suppose 5*p = 4*k + 44, -3*p + k = 2*p - 56. What are the prime factors of q(p)?
7, 11
What are the prime factors of -1*(-780)/(1 + 1)?
2, 3, 5, 13
Let a = 638 - 394. List the prime factors of a.
2, 61
List the prime factors of (300/(-18))/(3/(396/(-8))).
5, 11
Suppose -4*u + 412 = -452. List the prime factors of u.
2, 3
Let c(w) = -10*w + 225. List the prime factors of c(8).
5, 29
Let a(t) = -5*t + 17. Let q be a(5). Let u be (24/q)/(3/(-46)). Suppose -4*z = -5*w - 88, -2*z + 2*w = -0*z - u. List the prime factors of z.
3
What are the prime factors of (723/9)/(12/144)?
2, 241
Let s(k) = -212*k + 34. What are the prime factors of s(-6)?
2, 653
Suppose 10*i + 483 = 13*i. What are the prime factors of i?
7, 23
Let m be (-1764)/(-22) + (-8)/44. Let t = 25 + m. What are the prime factors of t?
3, 5, 7
Let s = -4766 + 7248. List the prime factors of s.
2, 17, 73
Suppose 4*l - 4*w = 3836, -3*l - w + 261 = -2612. What are the prime factors of l?
2, 479
Let r(u) = 188*u**2 + 130*u. What are the prime factors of r(3)?
2, 3, 347
Suppose 6*w + 16 = 2*w. Let h be 82 + -3*w/(-6). Suppose -3*d - 4*z + 28 = -3*z, -5*z - h = -5*d. List the prime factors of d.
11
List the prime factors of 11/(88/10848) + 9.
3, 5, 7, 13
Suppose -4*i + 342 = 5*i. Let z = i + -26. List the prime factors of z.
2, 3
Let q(m) = m**2 - 11*m + 10. Let z be q(10). Suppose -o - 2*o + 9 = z. Suppose -n = -o*n + 56. List the prime factors of n.
2, 7
What are the prime factors of ((0 - -7) + -880)*1/(-3)?
3, 97
Let v = 2090 - 1486. List the prime factors of v.
2, 151
Suppose -72 = j - 3*x - 1237, -5*x - 3491 = -3